g + g. What is the units digit of b(g)?
2
Suppose 3*q - w - 9 = 0, 3*q = -2*w + 7*w + 9. Suppose 0 = -2*r + r + q. Suppose 0*a + a = r. What is the units digit of a?
3
Let u be 1/(3 - (-22)/(-8)). Suppose -106 - 94 = -u*b. What is the tens digit of b?
5
What is the units digit of ((-12)/(-8))/(6/208)?
2
Suppose -12*a + 631 = 79. What is the tens digit of a?
4
Let s(x) = -5*x - 1. Let u be s(-1). Let i = 9 - u. What is the units digit of i?
5
Let j be (-4)/(-7)*(-28)/(-8). Suppose 0 = -2*g + 2*v - 6, 4*v = j*g + 13 - 5. Let c(q) = -4*q - 2. What is the units digit of c(g)?
6
Let p be -4*1*(-16 - -3). Let c = -21 + p. Suppose 81 - c = 5*x. What is the tens digit of x?
1
What is the units digit of (2 + -1)/((-1)/(-233)) - 3?
0
Let n = -5 + 8. Let j be (n - 1)*10/2. What is the units digit of 136/j - 4/(-10)?
4
Suppose n = 4*n - 18. Let z(s) = -s**2. Let r(t) = 3*t**2 + 9*t - 7. Let o(b) = r(b) + 4*z(b). What is the tens digit of o(n)?
1
Let f(l) = 2*l**3 - 4*l**2 - 3*l - 1. Let h = -8 + 12. What is the tens digit of f(h)?
5
Let f(c) = c**2 - c + 3. What is the tens digit of f(-4)?
2
Suppose -2*d + 12 = 4. Let m be d/(-14) + (-37)/(-7). Suppose 0*h + b + 84 = m*h, 2*h - 4*b - 30 = 0. What is the units digit of h?
7
Suppose 3*m - 7*t + 3*t = 7, 3*t + 21 = -3*m. Let j be 5/(1 - (m - -3)). Let y = 0 + j. What is the units digit of y?
5
Let m be 0 + 0/3 + 2. Suppose a - 5*x - 9 = 0, -a + x = -m*a - 3. Let r(k) = 6*k**2 - k. What is the units digit of r(a)?
7
Let v be (-8)/6 - (-4)/12. What is the units digit of ((-2)/6)/(v/57)?
9
Suppose 0 = m - 2*m - u - 1, -2*u - 16 = -5*m. Let w(r) = r**3 + 4*r**2 - 7*r - 5. Let i be w(-5). Suppose -m*f + i*f - 9 = 0. What is the units digit of f?
3
What is the tens digit of 18/1*(-10)/(-4)?
4
Suppose -3*c - c = 4*i - 136, 2*i - c = 80. What is the units digit of i?
8
What is the units digit of 2/(-4)*(-14 - 14)?
4
Suppose 5*b - 2*s - 29 = 0, -8*b = -4*b - 3*s - 19. Let q = 16 - b. What is the units digit of q?
9
Let i(m) = m**3 - 8*m**2 + 7*m - 8. Let x be i(6). Let w = 60 + x. What is the units digit of w?
2
Suppose 4*j - 10 = -j. What is the units digit of 3 - (2/(-2) - j)?
6
Suppose -m + 18 = -0*m. What is the units digit of m?
8
Suppose x = -3*b + 10, 4*x - 2*x + 7 = 3*b. Let r be (30/8)/(x/12). What is the units digit of 4/((-6)/r*-3)?
0
Let s(r) = r**2 + 9*r - 5. Let v be s(-10). Suppose -9 = -v*h + 16. Suppose 12 = -z - h*t, z - 4*t - 2 = 22. What is the units digit of z?
8
Let z = -16 + 22. Suppose 0 = z*x - 8 - 40. What is the units digit of x?
8
Let p(v) = 2*v - 2. Let q be p(4). Suppose 2*y + 4*o - 8*o = -48, -y + 5*o = 27. What is the units digit of (y/q)/(1/(-3))?
1
Let m = 12 - 5. Suppose m - 1 = h. What is the units digit of (-7)/(-6) + (-1)/h?
1
Let p be (156/(-28) - -3)*-7. Let h = p + 13. What is the units digit of h?
1
Let u = 14 - 4. Let d = 4 + u. What is the units digit of d?
4
Let p = 92 - 42. Suppose -3*v - p = -6*v + d, -4*d - 24 = -v. What is the units digit of v?
6
Suppose -l + 81 = 3*l + q, -5*l = -3*q - 80. What is the units digit of l?
9
Let l = -2 - -2. Suppose -w - 5*q = 18, l*w - 8 = w + 3*q. What is the units digit of w?
7
Let c = 33 + 41. Let a = c - 44. What is the tens digit of a?
3
Let s(k) = -2*k + 6. Let y be s(-6). Suppose -m + y = -3*f, m + 5*f = -m + 36. Suppose 0 = 3*t - 0 - m. What is the units digit of t?
6
Let c = 11 - 93. Let v = -44 - c. What is the units digit of v?
8
Suppose -4*p + 6*z - 21 = 3*z, 5*z = 15. Let v = 18 + p. What is the tens digit of v?
1
Let n(d) = -d**2. Let c(u) = -u**2 + 10*u + 11. Let o(r) = c(r) - 2*n(r). Let l be o(-9). Suppose -6 + 34 = l*j. What is the units digit of j?
4
Let w(j) be the second derivative of j**3/3 - j**2/2 - 4*j. Let v(k) = -k**2 + 3*k + 1. Let f be v(3). What is the units digit of w(f)?
1
Let a(y) = -y - 5. Let z be a(-4). Let s be (-2 - z)/(2/(-6)). Suppose s*g + 2*g = j - 26, 0 = -2*j - 5*g - 8. What is the units digit of j?
6
What is the tens digit of (-2)/(1*(-4)/118)?
5
Let q = -21 + 13. Let b = q + 16. What is the units digit of b?
8
Let r(t) = -5*t**2 - 7*t + t**3 + 5 + 2*t**2 + 0*t**2. Let s be r(4). Let w(o) = o**2 + 8*o + 10. What is the units digit of w(s)?
3
Let c = -139 - -437. What is the tens digit of c?
9
Suppose a + 3 = 4*x, -12 = 2*a + 2*a. Suppose -3*q + o = 28, -q - 3*o + 7 - 3 = x. Let k = q - -13. What is the units digit of k?
5
Suppose -3*l - l - 26 = -5*b, -2*l = 4*b. Suppose -52 = -3*g - 4*f, -b*g + 32 = -2*f + 6*f. Suppose -x - g = -3*x. What is the tens digit of x?
1
Let c(w) = -w - 2. Let q be c(-6). Suppose 73 = 5*n - 0*f - 3*f, q*f + 32 = 2*n. What is the units digit of n?
4
Suppose 0 = -2*a + 73 - 9. What is the tens digit of a?
3
Let w be (-4)/(-10) - 66/(-10). Let o = -5 - -2. Let i = o + w. What is the units digit of i?
4
Suppose -14 = 4*h - 2*h. Let w be ((-4)/3)/(h/(-21)). What is the tens digit of 1/(12/(-39))*w?
1
Let t be ((-3)/6 + 2)*2. Suppose 0*n - 2*b - 51 = -t*n, 5*b = 5*n - 85. What is the tens digit of n?
1
Suppose 0 = -k - 0 - 4. Let v(c) = -3*c - c + 2*c. What is the units digit of v(k)?
8
Suppose -2*f + 3*x + 117 = 0, 3 = 5*f - 3*x - 303. What is the tens digit of f?
6
Let z(q) = 6*q**2 - q**3 + 12*q - 3*q + 1 + 1. Let j be z(7). Suppose -3*c - c + j = 0. What is the units digit of c?
4
Let x(w) = w + 10. What is the tens digit of x(6)?
1
Let l = -14 + -7. Let c = -5 - l. What is the units digit of c?
6
Let p = -43 + 71. What is the tens digit of p?
2
Let p(t) = -1. Let u(b) = -b. Let y(a) = -2*p(a) - u(a). Let k be y(-1). What is the units digit of 15*((-6)/(-9))/k?
0
Let s(p) = p**3 - 7*p**2 + 3*p + 3. Let l be s(5). Let k = 51 + l. What is the tens digit of k?
1
Suppose 4*n = 16 + 16. Let h = n + 1. What is the units digit of h?
9
Suppose 4*o - 101 = 571. What is the units digit of o?
8
Let q(d) = 2*d**3 - 4*d**2 - 3*d - 13. What is the hundreds digit of q(5)?
1
Let b(g) = g**2 + 13*g - 42. What is the tens digit of b(13)?
9
What is the units digit of ((-196)/35)/((-2)/5)?
4
Suppose 3*n - 246 = 3*s, s = 2*s + 2. What is the tens digit of n?
8
Let m(k) = 24*k. Let z be m(1). Suppose -5*u + 25 = 6*s - s, 2*s - 3*u = 5. What is the units digit of (2/4)/(s/z)?
3
Suppose 63 = 9*x - 6*x. What is the units digit of x?
1
Let w be 4/4 + 2 + -3. Let r = 2 - w. What is the units digit of r?
2
Let n(z) = 43*z**3 + z**2 - 1. What is the tens digit of n(1)?
4
Let z(j) = 35*j - 10. What is the tens digit of z(3)?
9
What is the units digit of 16/(-4)*1/(-4)?
1
Suppose 0 = -4*a - 5*n + 438, -3 = -n - 1. Suppose 80 = 2*g + s + 3*s, 2*g - 5*s - a = 0. What is the units digit of g?
6
Suppose 2*d = -0*d + 4. Suppose -d*y + 6*y = 28. What is the units digit of y?
7
Let z be (21/(-2))/(4/(-8)). Suppose 2*p - 2*w = 3*p - z, -5*p - 4*w + 117 = 0. Suppose -3*a = 2*a - p. What is the units digit of a?
5
Suppose -5*t + 17 = -n, n = 3*t + 2*n - 7. Suppose -d + 27 = 5*h + d, -t*d + 28 = 5*h. What is the units digit of h?
5
Let y(s) = -s**3 - 8*s**2 + 12*s - 10. What is the units digit of y(-10)?
0
Let w = -4 + 4. Suppose 5*t - 24 = -w*q - 2*q, 3*q = -4*t + 15. What is the units digit of 1/(t/(-4) + 2)?
2
Suppose -u = 3*m + 93, 0*m + 3*u = -3*m - 99. What is the tens digit of ((-8)/12)/(1/m)?
2
Suppose 2*p - 2*h - 26 = 0, -4*p + h - 62 = -8*p. What is the tens digit of p?
1
Let a(w) = w**2 - 5*w - 6. Let i be a(5). Let p = -17 - -33. Let x = i + p. What is the units digit of x?
0
What is the units digit of (-1)/((12/14)/(-6))?
7
Let p(n) be the second derivative of -1/6*n**3 + 0 - 1/2*n**2 + n + 1/20*n**5 - 1/4*n**4. What is the units digit of p(4)?
1
Let h(u) = -u**3 - 13*u**2 - 10*u - 20. What is the hundreds digit of h(-13)?
1
Let c = 4 - 4. Suppose -2*q + g + 26 = c, 18 = q + g - 4*g. What is the tens digit of q?
1
Suppose 8 = 3*s - g + 1, -2*s = 4*g. What is the units digit of (-3)/(-9)*6/s?
1
Let v(y) = -156*y**3 + 2*y**2 + 2*y. What is the tens digit of v(-1)?
5
Suppose 0 = 4*f + 221 + 115. Let o = 119 + f. What is the units digit of o?
5
Suppose 17 - 200 = -3*v. What is the units digit of v?
1
Let i = -86 - -165. What is the units digit of i?
9
Suppose q + 68 = -3*q. Let w = -9 - q. What is the units digit of w?
8
Suppose 2*q - w = 12 - 3, 0 = 5*w - 5. Suppose q*v = -0 + 15. What is the u